{"id":108,"date":"2017-05-03T16:07:35","date_gmt":"2017-05-03T16:07:35","guid":{"rendered":"https:\/\/victorthemes.com\/themes\/brixey\/?page_id=108"},"modified":"2024-07-11T11:31:34","modified_gmt":"2024-07-11T11:31:34","slug":"home","status":"publish","type":"page","link":"https:\/\/ases-solutions.com\/","title":{"rendered":"Home"},"content":{"rendered":"<div class=\"wpb-content-wrapper\"><p>[vc_row][vc_column width=&#8221;1\/2&#8243;][vc_cta h2=&#8221;ASES &#8211; BIOG\u00c1S&#8221; h4=&#8221;SOLU\u00c7\u00d5ES DE BIOG\u00c1S PARA AUTOCONSUMO&#8221; txt_align=&#8221;center&#8221; shape=&#8221;square&#8221; color=&#8221;white&#8221; add_button=&#8221;bottom&#8221; btn_title=&#8221;VER MAIS&#8221; btn_style=&#8221;classic&#8221; btn_shape=&#8221;round&#8221; btn_color=&#8221;black&#8221; btn_align=&#8221;center&#8221; css=&#8221;.vc_custom_1720697456707{padding-top: 300px !important;padding-bottom: 300px !important;background-image: url(http:\/\/ases-solutions.com\/wp-content\/uploads\/2024\/05\/frantisek-duris-a1ET_0k_90E-unsplash-1-scaled.jpg?id=1318) !important;}&#8221; btn_link=&#8221;url:https%3A%2F%2Fases-solutions.com%2F%3Fpage_id%3D50|title:Biog%C3%A1s&#8221;]&nbsp;<\/p>\n<p>&nbsp;[\/vc_cta][\/vc_column][vc_column width=&#8221;1\/2&#8243;][vc_cta h2=&#8221;ASES &#8211; CONSTRU\u00c7\u00c3O&#8221; h4=&#8221;ESPECIALISTAS NA ARTE DE CONSTRUIR&#8221; txt_align=&#8221;center&#8221; shape=&#8221;square&#8221; color=&#8221;white&#8221; add_button=&#8221;bottom&#8221; btn_title=&#8221;VER MAIS&#8221; btn_style=&#8221;classic&#8221; btn_shape=&#8221;round&#8221; btn_color=&#8221;black&#8221; btn_align=&#8221;center&#8221; css=&#8221;.vc_custom_1720697479416{padding-top: 300px !important;padding-bottom: 300px !important;background-image: url(http:\/\/ases-solutions.com\/wp-content\/uploads\/2024\/07\/Untitled-1.png?id=1604) !important;}&#8221; btn_link=&#8221;url:https%3A%2F%2Fases-solutions.com%2F%3Fpage_id%3D323|title:ASES-CONSTRU%C3%87%C3%83O&#8221;]&nbsp;<\/p>\n<p>&nbsp;[\/vc_cta][\/vc_column][\/vc_row]<\/p>\n<\/div>","protected":false},"excerpt":{"rendered":"[vc_row][vc_column width=&#8221;1\/2&#8243;][vc_cta h2=&#8221;ASES &#8211; BIOG\u00c1S&#8221; h4=&#8221;SOLU\u00c7\u00d5ES DE BIOG\u00c1S PARA AUTOCONSUMO&#8221; txt_align=&#8221;center&#8221; shape=&#8221;square&#8221; color=&#8221;white&#8221; add_button=&#8221;bottom&#8221; btn_title=&#8221;VER MAIS&#8221; btn_style=&#8221;classic&#8221; btn_shape=&#8221;round&#8221; btn_color=&#8221;black&#8221; btn_align=&#8221;center&#8221; css=&#8221;.vc_custom_1720697456707{padding-top: 300px !important;padding-bottom: 300px !important;background-image: url(http:\/\/ases-solutions.com\/wp-content\/uploads\/2024\/05\/frantisek-duris-a1ET_0k_90E-unsplash-1-scaled.jpg?id=1318) !important;}&#8221; btn_link=&#8221;url:https%3A%2F%2Fases-solutions.com%2F%3Fpage_id%3D50|title:Biog%C3%A1s&#8221;]&nbsp; &nbsp;[\/vc_cta][\/vc_column][vc_column width=&#8221;1\/2&#8243;][vc_cta h2=&#8221;ASES &#8211; CONSTRU\u00c7\u00c3O&#8221; h4=&#8221;ESPECIALISTAS NA ARTE DE CONSTRUIR&#8221; txt_align=&#8221;center&#8221; shape=&#8221;square&#8221; color=&#8221;white&#8221; add_button=&#8221;bottom&#8221; btn_title=&#8221;VER MAIS&#8221; btn_style=&#8221;classic&#8221; btn_shape=&#8221;round&#8221; btn_color=&#8221;black&#8221; btn_align=&#8221;center&#8221; css=&#8221;.vc_custom_1720697479416{padding-top: 300px !important;padding-bottom: 300px !important;background-image: url(http:\/\/ases-solutions.com\/wp-content\/uploads\/2024\/07\/Untitled-1.png?id=1604) !important;}&#8221;&#8230;","protected":false},"author":1,"featured_media":0,"parent":0,"menu_order":0,"comment_status":"closed","ping_status":"closed","template":"home-template.php","meta":{"footnotes":""},"class_list":["post-108","page","type-page","status-publish","hentry"],"_links":{"self":[{"href":"https:\/\/ases-solutions.com\/index.php?rest_route=\/wp\/v2\/pages\/108","targetHints":{"allow":["GET"]}}],"collection":[{"href":"https:\/\/ases-solutions.com\/index.php?rest_route=\/wp\/v2\/pages"}],"about":[{"href":"https:\/\/ases-solutions.com\/index.php?rest_route=\/wp\/v2\/types\/page"}],"author":[{"embeddable":true,"href":"https:\/\/ases-solutions.com\/index.php?rest_route=\/wp\/v2\/users\/1"}],"replies":[{"embeddable":true,"href":"https:\/\/ases-solutions.com\/index.php?rest_route=%2Fwp%2Fv2%2Fcomments&post=108"}],"version-history":[{"count":15,"href":"https:\/\/ases-solutions.com\/index.php?rest_route=\/wp\/v2\/pages\/108\/revisions"}],"predecessor-version":[{"id":1647,"href":"https:\/\/ases-solutions.com\/index.php?rest_route=\/wp\/v2\/pages\/108\/revisions\/1647"}],"wp:attachment":[{"href":"https:\/\/ases-solutions.com\/index.php?rest_route=%2Fwp%2Fv2%2Fmedia&parent=108"}],"curies":[{"name":"wp","href":"https:\/\/api.w.org\/{rel}","templated":true}]}}